{"id":462,"date":"2026-03-11T15:30:26","date_gmt":"2026-03-11T15:30:26","guid":{"rendered":"https:\/\/tresoscos.kewo.dev\/?page_id=462"},"modified":"2026-03-12T15:04:38","modified_gmt":"2026-03-12T15:04:38","slug":"presupuesto","status":"publish","type":"page","link":"https:\/\/tresoscos.kewo.dev\/?page_id=462","title":{"rendered":"Presupuesto"},"content":{"rendered":"\t\t<div data-elementor-type=\"wp-page\" data-elementor-id=\"462\" class=\"elementor elementor-462\" data-elementor-post-type=\"page\">\n\t\t\t\t<div class=\"elementor-element elementor-element-1f1d31c e-con-full e-flex e-con e-parent\" data-id=\"1f1d31c\" data-element_type=\"container\" data-e-type=\"container\">\n\t\t\t\t<div class=\"elementor-element elementor-element-990b49e elementor-widget elementor-widget-html\" data-id=\"990b49e\" data-element_type=\"widget\" data-e-type=\"widget\" data-widget_type=\"html.default\">\n\t\t\t\t\t<style>\r\n    .kewo-page-wrapper {\r\n        background-color: #FDDB00;\r\n        padding: 50px 20px;\r\n        font-family: 'Inter', 'Segoe UI', Roboto, Helvetica, sans-serif;\r\n    }\r\n    \r\n    .kewo-budget-container {\r\n        color: #333;\r\n        max-width: 900px;\r\n        margin: 0 auto;\r\n        background: #ffffff;\r\n        padding: 50px;\r\n        border-radius: 12px;\r\n        box-shadow: 0 15px 40px rgba(0,0,0,0.15);\r\n        line-height: 1.6;\r\n    }\r\n    \r\n    .kewo-header {\r\n        display: flex;\r\n        flex-wrap: nowrap;\r\n        justify-content: space-between;\r\n        align-items: flex-start;\r\n        gap: 30px;\r\n        border-bottom: 2px solid #111;\r\n        padding-bottom: 20px;\r\n        margin-bottom: 30px;\r\n    }\r\n    .kewo-company {\r\n        flex: 1; \r\n    }\r\n    .kewo-logo-img {\r\n        max-width: 150px;\r\n        height: auto;\r\n        display: block;\r\n        margin-bottom: 15px;\r\n    }\r\n    .kewo-meta { font-size: 0.9em; color: #555; margin-top: 10px; }\r\n    \r\n    .kewo-client-box {\r\n        flex: 1; \r\n        background: #f8f9fa;\r\n        padding: 20px;\r\n        border-radius: 8px;\r\n        text-align: right;\r\n    }\r\n    .kewo-client-box h3 { margin: 0 0 10px 0; color: #111; font-size: 1.2em; }\r\n    \r\n    .kewo-section-title { font-size: 1.5em; border-bottom: 1px solid #eee; padding-bottom: 10px; margin-bottom: 20px; color: #111; }\r\n    .kewo-service-card {\r\n        border: 1px solid #eaeaea;\r\n        border-radius: 8px;\r\n        margin-bottom: 20px;\r\n        padding: 25px;\r\n        background: #fafafa;\r\n    }\r\n    .kewo-service-header {\r\n        display: flex;\r\n        justify-content: space-between;\r\n        align-items: center;\r\n        border-bottom: 1px solid #ddd;\r\n        padding-bottom: 15px;\r\n        margin-bottom: 15px;\r\n    }\r\n    .kewo-service-header h4 { margin: 0; font-size: 1.25em; color: #111; }\r\n    .kewo-price { font-weight: 700; font-size: 1.3em; color: #111; }\r\n    .kewo-list { margin: 0; padding-left: 20px; color: #444; font-size: 0.95em; }\r\n    .kewo-list li { margin-bottom: 8px; }\r\n    .kewo-totals {\r\n        background: #111;\r\n        color: #fff;\r\n        padding: 30px;\r\n        border-radius: 8px;\r\n        text-align: right;\r\n        margin-top: 40px;\r\n    }\r\n    .kewo-totals p { margin: 5px 0; font-size: 1.1em; color: #aaa; }\r\n    .kewo-totals strong { color: #fff; }\r\n    .kewo-totals h2 { margin: 15px 0 0 0; font-size: 2.2em; color: #FDDB00; font-weight: 800; } \r\n    .kewo-conditions {\r\n        margin-top: 40px;\r\n        font-size: 0.85em;\r\n        color: #666;\r\n    }\r\n    .kewo-conditions h4 { color: #222; margin-top: 20px; margin-bottom: 5px; font-size: 1.1em; }\r\n\r\n    @media (max-width: 768px) {\r\n        .kewo-header {\r\n            flex-wrap: wrap; \r\n            gap: 20px;\r\n        }\r\n        .kewo-company, .kewo-client-box {\r\n            flex: 100%;\r\n            text-align: left; \r\n        }\r\n        .kewo-service-header {\r\n            flex-direction: column;\r\n            align-items: flex-start;\r\n            gap: 10px;\r\n        }\r\n    }\r\n<\/style>\r\n\r\n<div class=\"kewo-page-wrapper\">\r\n    <div class=\"kewo-budget-container\">\r\n        \r\n        <div class=\"kewo-header\">\r\n            <div class=\"kewo-company\">\r\n                <img decoding=\"async\" src=\"https:\/\/tresoscos.kewo.dev\/wp-content\/uploads\/2026\/03\/kewoCurrentColor.svg\" alt=\"kewo. logo\" class=\"kewo-logo-img\">\r\n                \r\n                <div class=\"kewo-meta\">\r\n                    <strong>KEWO GLOBAL TECHNOLOGY & MEDIA, SL<\/strong><br>NIF: B10678720<br>C\/Magnus Blikstad, 58, entresuelo, oficina 2<br>33207 Gij\u00f3n, Espa\u00f1a<br>984347700 - hola@kewomedia.com - https:\/\/kewomedia.com<\/div>\r\n            <\/div>\r\n            <div class=\"kewo-client-box\">\r\n                <h3>Presupuesto # 2601433<\/h3><div class=\"kewo-meta\">\r\n                    <strong>Fecha del presupuesto:<\/strong> 12\/03\/2026 <br> <strong>Vencimiento:<\/strong> 12\/04\/2026<br><strong>Comercial:<\/strong> Marina<br><br>\r\n                    <strong>Cliente:<\/strong><br>\r\n                    INDUSTRIAS LACTEAS MONTEVERDE SA<br>NIF: A33028614<br>CTRA DE LUGO km 2<br>33730 GRANDAS DE SALIME, Asturias, Espa\u00f1a<\/div>\r\n            <\/div>\r\n        <\/div>\r\n\r\n        <h3 class=\"kewo-section-title\">Detalle de Servicios<\/h3>\r\n\r\n        <div class=\"kewo-service-card\">\r\n            <div class=\"kewo-service-header\">\r\n                <h4>SEO T1<\/h4><div class=\"kewo-price\">295,00 \u20ac \/ Mes<\/div><\/div>\r\n            <p><strong>SEO Onpage<\/strong><\/p><ul class=\"kewo-list\">\r\n                <li>Estudio de palabras clave mensual.<\/li><li>Estrategia de contenidos basada en la rentabilidad, la conversi\u00f3n y las tendencias de b\u00fasqueda.<\/li><li>Generaci\u00f3n de 1 contenido mensual - Landing page, post, categor\u00eda o ficha de producto.<\/li><li>Estrategia local.<\/li><\/ul>\r\n            <p style=\"margin-top: 15px;\"><strong>SEO Offpage<\/strong><\/p><ul class=\"kewo-list\">\r\n                <li>Enlaces 2.0\/directorios locales.<\/li><li>Optimizaci\u00f3n de las fichas de Perfil de Empresa en Google.<\/li><li>Post en Perfil de Empresa de Google mensual.<\/li><li>Revisi\u00f3n y actualizaci\u00f3n de UA en Google Analytics 4 y Search Console.<\/li><li>Marcado de eventos clave y conversiones con Google Tag Manager y Google Analytics 4.<\/li><li>Informe mensual con acciones llevadas a cabo y rendimiento de la inversi\u00f3n.<\/li><\/ul>\r\n        <\/div>\r\n\r\n        <div class=\"kewo-service-card\">\r\n            <div class=\"kewo-service-header\">\r\n                <h4>Redes Sociales<\/h4><div class=\"kewo-price\">390,00 \u20ac \/ Mes<\/div><\/div>\r\n            <ul class=\"kewo-list\">\r\n                <li>8 Publicaciones \/ mes (Incluye cualquier formato) 3 Historias\/semana<\/li><li>Planificaci\u00f3n Editorial: Elaboraci\u00f3n de calendario de contenidos mensual alineado con objetivos de marca.<\/li><li>Copywriting: Redacci\u00f3n de textos creativos y descriptivos para cada publicaci\u00f3n.<\/li><li>Publicaci\u00f3n y Programaci\u00f3n: Gesti\u00f3n directa de perfiles (Instagram y Facebook).<\/li><\/ul>\r\n            <p style=\"margin-top: 15px;\"><strong>Generaci\u00f3n de Contenido con IA<\/strong><\/p><ul class=\"kewo-list\">\r\n                <li>Creatividad Digital IA: Desarrollo de piezas visuales exclusivas mediante inteligencia artificial generativa, limitadas a: Im\u00e1genes IA: M\u00e1ximo de 5 unidades\/mes (dise\u00f1o de bodegones, fondos o entornos).<\/li><li>V\u00eddeo IA: M\u00e1ximo de 5 unidades\/mes (clips din\u00e1micos, efectos o animaciones de producto).<\/li><\/ul>\r\n            <p style=\"margin-top: 15px;\"><strong>Seguimiento y Reporting<\/strong><\/p><ul class=\"kewo-list\">\r\n                <li>An\u00e1lisis de Rendimiento: Monitorizaci\u00f3n continua de m\u00e9tricas clave (alcance, engagement y crecimiento).<\/li><li>Informe de Evoluci\u00f3n: Entrega mensual de reporte de resultados con conclusiones estrat\u00e9gicas.<\/li><\/ul>\r\n        <\/div>\r\n\r\n        <div class=\"kewo-service-card\">\r\n            <div class=\"kewo-service-header\">\r\n                <h4>Contenido audiovisual<\/h4><div class=\"kewo-price\">880,00 \u20ac \/ Sesi\u00f3n<\/div><\/div>\r\n            <ul class=\"kewo-list\">\r\n                <li>Fotograf\u00eda + Video + Dron<\/li><li>Sesiones bimensuales: jornada completa de 8h + edici\u00f3n.<\/li><li>Incluye: Fotograf\u00edas profesionales editadas, V\u00eddeos adaptados y V\u00eddeos a\u00e9reos con dron (permiso incluido) Desplazamiento incluido.<\/li><\/ul>\r\n        <\/div>\r\n\r\n        <div class=\"kewo-service-card\">\r\n            <div class=\"kewo-service-header\">\r\n                <h4>Bolsa de horas<\/h4><div class=\"kewo-price\">300,00 \u20ac<\/div><\/div>\r\n            <ul class=\"kewo-list\">\r\n                <li>Bolsa de 5h para modificaciones y cambios relacionados con la p\u00e1gina web<\/li><\/ul>\r\n        <\/div>\r\n\r\n        <div class=\"kewo-totals\">\r\n            <p>Importe base: <strong>1.865,00 \u20ac<\/strong><\/p><p>IVA 21%: <strong>391,65 \u20ac<\/strong><\/p><h3 style=\"color: #FDDB00;\">Total: 2.256,65 \u20ac<\/h3><\/div>\r\n\r\n        <div class=\"kewo-conditions\">\r\n            <h3 style=\"color:#111; border-bottom: 1px solid #eee; padding-bottom: 10px;\">Condiciones Marketing Digital<\/h3><h4>M\u00e9todos de pago<\/h4><p>De forma gen\u00e9rica, en los planes SEO, RRSS y ADS, el abono se realizar\u00e1 a trav\u00e9s de domiciliaci\u00f3n bancaria (SEPA) que ejecutar\u00e1 los pagos de manera autom\u00e1tica mientras que el cliente no indique lo contrario. El pago se realizar\u00e1 siempre al mes vencido de la contrataci\u00f3n del servicio.<\/p><h4>Duraci\u00f3n y vigencia<\/h4><p>El proyecto comenzar\u00e1 cuando el cliente haya firmado el contrato en el cual se estipulan todas las condiciones a cumplir y respetar por ambas partes. El per\u00edodo inicial de vigencia del servicio se estipula por un plazo de 12 meses, prorrogable por per\u00edodos equivalentes a partir de su vencimiento de forma autom\u00e1tica y el cliente no indique lo contrario. Los per\u00edodos de vigencia inicial y de pr\u00f3rrogas mencionados no implican permanencia alguna. La cancelaci\u00f3n del servicio se deber\u00e1 realizar con un preaviso de 30 d\u00edas por parte del cliente.<\/p><h4>Timing<\/h4><p>El proyecto no se iniciar\u00e1 hasta que se haya recibido todos los accesos necesarios para comenzar el proyecto: web, hosting, Google Analytics \/ Search Console. Los retrasos en la entrega de informaci\u00f3n solicitados al cliente implican necesariamente un retraso en el proyecto de, al menos, la misma duraci\u00f3n y la recolocaci\u00f3n en calendario seg\u00fan la carga de trabajo de la agencia.<\/p><\/div>\r\n\r\n    <\/div>\r\n<\/div>\t\t\t\t<\/div>\n\t\t\t\t<div class=\"elementor-element elementor-element-e9362a0 elementor-fixed elementor-widget elementor-widget-button\" data-id=\"e9362a0\" data-element_type=\"widget\" data-e-type=\"widget\" data-settings=\"{&quot;_position&quot;:&quot;fixed&quot;}\" data-widget_type=\"button.default\">\n\t\t\t\t\t\t\t\t\t\t<a class=\"elementor-button elementor-button-link elementor-size-sm\" href=\"https:\/\/tresoscos.kewo.dev\/\">\n\t\t\t\t\t\t<span class=\"elementor-button-content-wrapper\">\n\t\t\t\t\t\t\t\t\t<span class=\"elementor-button-text\">Volver<\/span>\n\t\t\t\t\t<\/span>\n\t\t\t\t\t<\/a>\n\t\t\t\t\t\t\t\t<\/div>\n\t\t\t\t<\/div>\n\t\t\t\t<\/div>\n\t\t","protected":false},"excerpt":{"rendered":"<p>KEWO GLOBAL TECHNOLOGY &#038; MEDIA, SLNIF: B10678720C\/Magnus Blikstad, 58, entresuelo, oficina 233207 Gij\u00f3n, Espa\u00f1a984347700 &#8211; hola@kewomedia.com &#8211; https:\/\/kewomedia.com Presupuesto # 2601433 Fecha del presupuesto: 12\/03\/2026 Vencimiento: 12\/04\/2026Comercial: Marina Cliente: INDUSTRIAS LACTEAS MONTEVERDE SANIF: A33028614CTRA DE LUGO km 233730 GRANDAS DE SALIME, Asturias, Espa\u00f1a Detalle de Servicios SEO T1 295,00 \u20ac \/ Mes SEO Onpage Estudio [&hellip;]<\/p>\n","protected":false},"author":1,"featured_media":0,"parent":0,"menu_order":0,"comment_status":"closed","ping_status":"closed","template":"elementor_canvas","meta":{"footnotes":""},"class_list":["post-462","page","type-page","status-publish","hentry"],"_links":{"self":[{"href":"https:\/\/tresoscos.kewo.dev\/index.php?rest_route=\/wp\/v2\/pages\/462","targetHints":{"allow":["GET"]}}],"collection":[{"href":"https:\/\/tresoscos.kewo.dev\/index.php?rest_route=\/wp\/v2\/pages"}],"about":[{"href":"https:\/\/tresoscos.kewo.dev\/index.php?rest_route=\/wp\/v2\/types\/page"}],"author":[{"embeddable":true,"href":"https:\/\/tresoscos.kewo.dev\/index.php?rest_route=\/wp\/v2\/users\/1"}],"replies":[{"embeddable":true,"href":"https:\/\/tresoscos.kewo.dev\/index.php?rest_route=%2Fwp%2Fv2%2Fcomments&post=462"}],"version-history":[{"count":34,"href":"https:\/\/tresoscos.kewo.dev\/index.php?rest_route=\/wp\/v2\/pages\/462\/revisions"}],"predecessor-version":[{"id":545,"href":"https:\/\/tresoscos.kewo.dev\/index.php?rest_route=\/wp\/v2\/pages\/462\/revisions\/545"}],"wp:attachment":[{"href":"https:\/\/tresoscos.kewo.dev\/index.php?rest_route=%2Fwp%2Fv2%2Fmedia&parent=462"}],"curies":[{"name":"wp","href":"https:\/\/api.w.org\/{rel}","templated":true}]}}